{"id":6456,"date":"2017-10-04T08:40:14","date_gmt":"2017-10-04T06:40:14","guid":{"rendered":"http:\/\/magtours.com\/web\/?page_id=6456"},"modified":"2017-10-04T12:58:07","modified_gmt":"2017-10-04T10:58:07","slug":"zlarin-island-sea-kayaking","status":"publish","type":"page","link":"http:\/\/magtours.com\/web\/zlarin-island-sea-kayaking\/","title":{"rendered":"ZLARIN ISLAND SEA KAYAKING"},"content":{"rendered":"<div class=\"wpb-content-wrapper\"><p>[vc_row full_width=&#8221;1&#8243;][vc_column][vc_single_image image=&#8221;6552&#8243; img_size=&#8221;full&#8221; vc_none_hover_effect=&#8221;&#8221;][\/vc_column][\/vc_row][vc_row css=&#8221;.vc_custom_1506422373361{margin-bottom: 0px !important;}&#8221;][vc_column width=&#8221;2\/3&#8243;][vc_empty_space 0=&#8221;&#8221; height=&#8221;10px&#8221;][vc_cta h2=&#8221;EVERY DAY FROM JUNE TO SEPTEMBER, WEEKENDS FROM APRIL TO OCTOBER \/ other dates on request&#8221; h2_font_container=&#8221;font_size:15|color:%23004a8c|line_height:2&#8243; h2_google_fonts=&#8221;font_family:Open%20Sans%3A300%2C300italic%2Cregular%2Citalic%2C600%2C600italic%2C700%2C700italic%2C800%2C800italic|font_style:600%20bold%20regular%3A600%3Anormal&#8221; h2_css_animation=&#8221;fadeIn&#8221; h4=&#8221;Min 4 max 16 people per group \/ larger groups on request&#8221; h4_font_container=&#8221;font_size:15|color:%23004a8c|line_height:0&#8243; h4_google_fonts=&#8221;font_family:Open%20Sans%3A300%2C300italic%2Cregular%2Citalic%2C600%2C600italic%2C700%2C700italic%2C800%2C800italic|font_style:300%20light%20regular%3A300%3Anormal&#8221; h4_css_animation=&#8221;fadeInDown&#8221; shape=&#8221;square&#8221; style=&#8221;custom&#8221; add_icon=&#8221;left&#8221; i_icon_fontawesome=&#8221;fa fa-info&#8221; i_color=&#8221;custom&#8221; i_background_style=&#8221;rounded&#8221; i_size=&#8221;sm&#8221; css_animation=&#8221;none&#8221; use_custom_fonts_h2=&#8221;true&#8221; use_custom_fonts_h4=&#8221;true&#8221; custom_background=&#8221;#eac946&#8243; i_custom_color=&#8221;#004a8c&#8221;][\/vc_cta][vc_cta h2=&#8221;TRIP DESCRIPTION&#8221; h2_font_container=&#8221;color:%23004a8c&#8221; h2_google_fonts=&#8221;font_family:Open%20Sans%3A300%2C300italic%2Cregular%2Citalic%2C600%2C600italic%2C700%2C700italic%2C800%2C800italic|font_style:600%20bold%20regular%3A600%3Anormal&#8221; h2_css_animation=&#8221;fadeIn&#8221; h4_font_container=&#8221;color:%23e8b920&#8243; h4_google_fonts=&#8221;font_family:Open%20Sans%3A300%2C300italic%2Cregular%2Citalic%2C600%2C600italic%2C700%2C700italic%2C800%2C800italic|font_style:300%20light%20regular%3A300%3Anormal&#8221; h4_css_animation=&#8221;fadeInDown&#8221; style=&#8221;custom&#8221; css_animation=&#8221;none&#8221; use_custom_fonts_h2=&#8221;true&#8221; use_custom_fonts_h4=&#8221;true&#8221; custom_text=&#8221;#004a8c&#8221;]<\/p>\n<p class=\"p1\">The sea kayaking tour starts at the camp Zabla\u0107e. After a short introduction to paddling, we start our expedition to the island of Zlarin, only 2 kilometres away from the mainland. Paddling along the coast of the island, we come to the village of Zlarin. It is a perfect place for a picnic break and some swimming. We slowly finish up our day with paddling between the island and the beautiful coastline of \u0160ibenik. We have the view of its remarkable fortress on the very entrance to the town.<\/p>\n<p class=\"p3\"><strong>ACTIVITY LEVEL<\/strong><\/p>\n<p class=\"p1\">No previous kayaking experience is required and even children aged 6 and older can participate if accompanied by parents. W e use two-person sit-on-top kayaks that are easy and safe to navigate. You will get a life jacket and a paddle, plus one dry bag per boat for your personal items (cameras, drinks, etc.). Don&#8217;t forget to bring shorts or a bathing suit, a T-shirt, a towel, sun cream and water. In case of colder weather take a long-sleeved shirt.<\/p>\n<p>[\/vc_cta][vc_cta h2=&#8221;SHORT ITINERARY &#8221; shape=&#8221;square&#8221; style=&#8221;custom&#8221; css_animation=&#8221;none&#8221; custom_text=&#8221;#004a8c&#8221;]<strong>10:00\u00a0\u00a0<\/strong>Arrival to destination &#8211; departure from Zabla\u0107e near \u0160ibenik<\/p>\n<p><strong>10:30\u00a0\u00a0<\/strong>Preparation for the trip<\/p>\n<p><strong>11:00\u00a0\u00a0<\/strong>Start of the trip<\/p>\n<p><strong>12:00\u00a0\u00a0<\/strong>Swimming break<\/p>\n<p><strong>13:00<\/strong> Continuing the trip<\/p>\n<p><strong>15:00<\/strong>\u00a0 End of the trip<\/p>\n<p><strong>15.30<\/strong>\u00a0 Optinal refreshments<\/p>\n<p><strong>16:00<\/strong> Departure from Zabla\u0107e[\/vc_cta][vc_empty_space height=&#8221;15px&#8221;][\/vc_column][vc_column width=&#8221;1\/3&#8243;][vc_empty_space 0=&#8221;&#8221; height=&#8221;10px&#8221;][vc_cta h2=&#8221;INFO &amp; BOOKING&#8221; h2_font_container=&#8221;font_size:28|color:%23004a8c|line_height:2&#8243; h2_google_fonts=&#8221;font_family:Open%20Sans%3A300%2C300italic%2Cregular%2Citalic%2C600%2C600italic%2C700%2C700italic%2C800%2C800italic|font_style:600%20bold%20regular%3A600%3Anormal&#8221; h2_css_animation=&#8221;fadeIn&#8221; shape=&#8221;square&#8221; style=&#8221;custom&#8221; add_icon=&#8221;left&#8221; i_icon_fontawesome=&#8221;fa fa-envelope-o&#8221; i_color=&#8221;custom&#8221; i_background_style=&#8221;rounded&#8221; i_size=&#8221;sm&#8221; css_animation=&#8221;none&#8221; use_custom_fonts_h2=&#8221;true&#8221; custom_background=&#8221;#eac946&#8243; i_custom_color=&#8221;#004a8c&#8221; i_link=&#8221;url:http%3A%2F%2Fmagtours.com%2Fweb%2Fcontact-2%2F|||&#8221; h2_link=&#8221;url:http%3A%2F%2Fmagtours.com%2Fweb%2Fcontact-2%2F|||&#8221;][\/vc_cta][vc_cta h2=&#8221;Adults&#8221; h2_font_container=&#8221;color:%23ffffff&#8221; h2_google_fonts=&#8221;font_family:Open%20Sans%3A300%2C300italic%2Cregular%2Citalic%2C600%2C600italic%2C700%2C700italic%2C800%2C800italic|font_style:600%20bold%20regular%3A600%3Anormal&#8221; h2_css_animation=&#8221;fadeIn&#8221; h4=&#8221;minimum 4 pax&#8221; h4_font_container=&#8221;color:%23e8b920&#8243; h4_google_fonts=&#8221;font_family:Open%20Sans%3A300%2C300italic%2Cregular%2Citalic%2C600%2C600italic%2C700%2C700italic%2C800%2C800italic|font_style:300%20light%20regular%3A300%3Anormal&#8221; h4_css_animation=&#8221;fadeInDown&#8221; style=&#8221;custom&#8221; add_button=&#8221;bottom&#8221; btn_title=&#8221;50 EUR&#8221; btn_color=&#8221;default&#8221; btn_align=&#8221;right&#8221; css_animation=&#8221;none&#8221; use_custom_fonts_h2=&#8221;true&#8221; use_custom_fonts_h4=&#8221;true&#8221; custom_background=&#8221;#004a8c&#8221;][\/vc_cta][vc_message]If there are less than 4 people signed up for the excursion and the clients still want to do it, we charge extra 20%[\/vc_message][vc_cta h2=&#8221;WEATHER&#8221; h2_font_container=&#8221;color:%23004a8c&#8221; h2_google_fonts=&#8221;font_family:Open%20Sans%3A300%2C300italic%2Cregular%2Citalic%2C600%2C600italic%2C700%2C700italic%2C800%2C800italic|font_style:600%20bold%20regular%3A600%3Anormal&#8221; h2_css_animation=&#8221;fadeIn&#8221; h4_font_container=&#8221;color:%23e8b920&#8243; h4_google_fonts=&#8221;font_family:Open%20Sans%3A300%2C300italic%2Cregular%2Citalic%2C600%2C600italic%2C700%2C700italic%2C800%2C800italic|font_style:300%20light%20regular%3A300%3Anormal&#8221; h4_css_animation=&#8221;fadeInDown&#8221; style=&#8221;custom&#8221; css_animation=&#8221;none&#8221; use_custom_fonts_h2=&#8221;true&#8221; use_custom_fonts_h4=&#8221;true&#8221; custom_text=&#8221;#004a8c&#8221;]<\/p>\n<p class=\"p1\">In the unlikely case of extreme weather conditions Raftrek Adventure Travel will reschedule the activity for a day or two prior or after the date booked, if possible. If the change is not possible, the payments will be fully refunded.<\/p>\n<p>[\/vc_cta][vc_cta h2=&#8221;DIFFICULITY: Moderate&#8221; h2_font_container=&#8221;font_size:15|color:%23004a8c|line_height:1&#8243; h2_google_fonts=&#8221;font_family:Open%20Sans%3A300%2C300italic%2Cregular%2Citalic%2C600%2C600italic%2C700%2C700italic%2C800%2C800italic|font_style:600%20bold%20regular%3A600%3Anormal&#8221; h2_css_animation=&#8221;fadeIn&#8221; h4=&#8221;DURATION: 4-5 hours&#8221; h4_font_container=&#8221;font_size:12|color:%23004a8c|line_height:0&#8243; h4_google_fonts=&#8221;font_family:Open%20Sans%3A300%2C300italic%2Cregular%2Citalic%2C600%2C600italic%2C700%2C700italic%2C800%2C800italic|font_style:300%20light%20regular%3A300%3Anormal&#8221; h4_css_animation=&#8221;fadeInDown&#8221; shape=&#8221;square&#8221; style=&#8221;custom&#8221; add_icon=&#8221;left&#8221; i_icon_fontawesome=&#8221;fa fa-flag-checkered&#8221; i_color=&#8221;custom&#8221; i_background_style=&#8221;rounded&#8221; i_size=&#8221;sm&#8221; css_animation=&#8221;none&#8221; use_custom_fonts_h2=&#8221;true&#8221; use_custom_fonts_h4=&#8221;true&#8221; custom_background=&#8221;#eac946&#8243; i_custom_color=&#8221;#004a8c&#8221;][\/vc_cta][vc_empty_space height=&#8221;15px&#8221;][\/vc_column][\/vc_row][vc_row 0=&#8221;&#8221; row_mask_bg=&#8221;&#8221; row_arrow=&#8221;&#8221;][vc_column 0=&#8221;&#8221; width=&#8221;1\/6&#8243;][vc_single_image image=&#8221;5968&#8243; img_size=&#8221;medium&#8221; vc_none_hover_effect=&#8221;&#8221;][\/vc_column][vc_column width=&#8221;1\/6&#8243;][vc_single_image image=&#8221;6254&#8243; img_size=&#8221;medium&#8221; vc_none_hover_effect=&#8221;&#8221;][\/vc_column][vc_column width=&#8221;1\/6&#8243;][vc_single_image image=&#8221;6258&#8243; img_size=&#8221;medium&#8221; vc_none_hover_effect=&#8221;&#8221;][\/vc_column][vc_column width=&#8221;1\/6&#8243;][vc_single_image image=&#8221;6258&#8243; img_size=&#8221;medium&#8221; vc_none_hover_effect=&#8221;&#8221;][\/vc_column][vc_column width=&#8221;1\/6&#8243;][vc_single_image image=&#8221;6258&#8243; img_size=&#8221;medium&#8221; vc_none_hover_effect=&#8221;&#8221;][\/vc_column][vc_column width=&#8221;1\/6&#8243;][vc_single_image image=&#8221;6258&#8243; img_size=&#8221;medium&#8221; vc_none_hover_effect=&#8221;&#8221;][\/vc_column][\/vc_row][vc_row][vc_column][vc_separator color=&#8221;custom&#8221; accent_color=&#8221;#eac946&#8243;][\/vc_column][\/vc_row][vc_row][vc_column width=&#8221;1\/2&#8243;][vc_cta h2=&#8221;INCLUDED&#8221; h2_font_container=&#8221;font_size:20|color:%23004a8c|line_height:0&#8243; h2_google_fonts=&#8221;font_family:Open%20Sans%3A300%2C300italic%2Cregular%2Citalic%2C600%2C600italic%2C700%2C700italic%2C800%2C800italic|font_style:400%20regular%3A400%3Anormal&#8221; shape=&#8221;square&#8221; style=&#8221;flat&#8221; color=&#8221;white&#8221; use_custom_fonts_h2=&#8221;true&#8221; css=&#8221;.vc_custom_1507114550358{background-color: #ffffff !important;}&#8221;]<\/p>\n<ul>\n<li>Guide<\/li>\n<li>Necessary equipment<\/li>\n<li>Transfer \u0160ibenik-Zabla\u0107e-\u0160ibenik<\/li>\n<li>Insurance<\/li>\n<\/ul>\n<p>[\/vc_cta][\/vc_column][vc_column width=&#8221;1\/2&#8243;][vc_cta h2=&#8221;NOT INCLUDED&#8221; h2_font_container=&#8221;font_size:20|color:%23004a8c|line_height:0&#8243; h2_google_fonts=&#8221;font_family:Open%20Sans%3A300%2C300italic%2Cregular%2Citalic%2C600%2C600italic%2C700%2C700italic%2C800%2C800italic|font_style:400%20regular%3A400%3Anormal&#8221; shape=&#8221;square&#8221; style=&#8221;flat&#8221; use_custom_fonts_h2=&#8221;true&#8221; css=&#8221;.vc_custom_1507114565338{background-color: #ffffff !important;}&#8221;]<\/p>\n<ul>\n<li>Lunch<\/li>\n<\/ul>\n<p>[\/vc_cta][\/vc_column][\/vc_row][vc_row][vc_column][vc_separator color=&#8221;custom&#8221; accent_color=&#8221;#eac946&#8243;][vc_empty_space height=&#8221;15px&#8221;][\/vc_column][\/vc_row][vc_row full_width=&#8221;1&#8243; bg_style=&#8221;bg-effect-lg&#8221; row_mask_bg=&#8221;&#8221; row_arrow=&#8221;&#8221; el_class=&#8221;p-20-cont&#8221; row_id=&#8221;contact-link&#8221; css=&#8221;.vc_custom_1506686303106{background-color: #d6d6d6 !important;}&#8221;][vc_column width=&#8221;1\/6&#8243;][\/vc_column][vc_column width=&#8221;1\/6&#8243;][vc_empty_space height=&#8221;10px&#8221;][vc_custom_heading text=&#8221;INFO &amp; BOOKING&#8221; font_container=&#8221;tag:h3|font_size:25px|text_align:left|color:%23124f8c&#8221; google_fonts=&#8221;font_family:Lato%3A100%2C100italic%2C300%2C300italic%2Cregular%2Citalic%2C700%2C700italic%2C900%2C900italic|font_style:700%20bold%20regular%3A700%3Anormal&#8221; cms_heading_specolor=&#8221;true&#8221; link=&#8221;url:http%3A%2F%2Fmagtours.com%2Fweb%2Fcontact-2%2F|||&#8221;][\/vc_column][vc_column width=&#8221;1\/6&#8243;][cms_contact_info icon_type=&#8221;lineaicon&#8221; icon_lineaicon=&#8221;icon icon-basic-mail&#8221; cms_template=&#8221;cms_contact_info.php&#8221;]<a href=\"mailto:magtours@magtours.com\">magtours@magtours.com<\/a><\/p>\n<p>Draga 1, 22 000 \u0160ibenik<\/p>\n<p>CROATIA[\/cms_contact_info][\/vc_column][vc_column width=&#8221;1\/2&#8243;][cms_contact_info title=&#8221;CALL US&#8221; icon_type=&#8221;elegant&#8221; icon_elegant=&#8221;icon_mobile&#8221; cms_template=&#8221;cms_contact_info.php&#8221;]tel:\u00a0 \u00a0+385 22 201 150<\/p>\n<p>fax:\u00a0 \u00a0+385 22 201 155<\/p>\n<p>mob: +385 98 291 814[\/cms_contact_info][\/vc_column][\/vc_row][vc_column][\/vc_column][vc_column width=&#8221;2\/3&#8243;][\/vc_column][vc_column][\/vc_column][vc_column][\/vc_column][vc_column width=&#8221;2\/3&#8243;][\/vc_column][vc_column][\/vc_column][vc_column 0=&#8221;&#8221;][\/vc_column]<\/p>\n<\/div>","protected":false},"excerpt":{"rendered":"<p>[vc_row full_width=&#8221;1&#8243;][vc_column][vc_single_image image=&#8221;6552&#8243; img_size=&#8221;full&#8221; vc_none_hover_effect=&#8221;&#8221;][\/vc_column][\/vc_row][vc_row css=&#8221;.vc_custom_1506422373361{margin-bottom: 0px !important;}&#8221;][vc_column width=&#8221;2\/3&#8243;][vc_empty_space 0=&#8221;&#8221; height=&#8221;10px&#8221;][vc_cta h2=&#8221;EVERY DAY FROM JUNE TO SEPTEMBER, WEEKENDS FROM APRIL TO OCTOBER \/ other dates<\/p>\n","protected":false},"author":2,"featured_media":0,"parent":0,"menu_order":0,"comment_status":"closed","ping_status":"closed","template":"","meta":{"footnotes":""},"class_list":["post-6456","page","type-page","status-publish","hentry"],"_links":{"self":[{"href":"http:\/\/magtours.com\/web\/wp-json\/wp\/v2\/pages\/6456","targetHints":{"allow":["GET"]}}],"collection":[{"href":"http:\/\/magtours.com\/web\/wp-json\/wp\/v2\/pages"}],"about":[{"href":"http:\/\/magtours.com\/web\/wp-json\/wp\/v2\/types\/page"}],"author":[{"embeddable":true,"href":"http:\/\/magtours.com\/web\/wp-json\/wp\/v2\/users\/2"}],"replies":[{"embeddable":true,"href":"http:\/\/magtours.com\/web\/wp-json\/wp\/v2\/comments?post=6456"}],"version-history":[{"count":16,"href":"http:\/\/magtours.com\/web\/wp-json\/wp\/v2\/pages\/6456\/revisions"}],"predecessor-version":[{"id":6567,"href":"http:\/\/magtours.com\/web\/wp-json\/wp\/v2\/pages\/6456\/revisions\/6567"}],"wp:attachment":[{"href":"http:\/\/magtours.com\/web\/wp-json\/wp\/v2\/media?parent=6456"}],"curies":[{"name":"wp","href":"https:\/\/api.w.org\/{rel}","templated":true}]}}